ate 2 + (0 - (-5 + (4 - -3))).
0
1 + (-17 + 3 - -5) + 5
-3
(10 - -2) + 25 + -34
3
What is the value of 3 - (-2 - (-6 - 0))?
-1
What is the value of 0 - (3 + 2 + -7 + 4)?
-2
What is the value of 10 + (-3 - 0 - 2)?
5
What is (-11 + 5 - -12) + 1?
7
Calculate (4 - 11) + -2 + 4.
-5
2 + -3 + -4 + 4 + 1
0
-16 - -27 - (0 - -3)
8
What is the value of (15 - 15 - (1 - -2)) + 3?
0
Evaluate 9 + (3 - -1) + (1 - 8).
6
What is the value of -1 - (-42 + 41 + (1 - -1))?
-2
Evaluate 7 + -4 - (4 + -2).
1
Evaluate (-4 - 0) + 2 + 1 - -2.
1
What is the value of -6 + 6 + -6 + 4?
-2
(12 - 17) + 2 + 6
3
What is the value of 3 + -6 + -1 + 1 + -1?
-4
Evaluate -3 + 13 + -3 + -8.
-1
What is (7 - 5 - 5) + 4?
1
Evaluate -3 + (3 - -1) - 1.
0
What is -3 - (-2 + -3 + 1)?
1
What is the value of -9 + (-2 - -3 - 4) + 7?
-5
Evaluate (-5 - -3 - -5) + (-4 - 3).
-4
What is the value of 1 + 9 + -2 - 13?
-5
What is 1 - 14 - (12 + -17)?
-8
What is the value of 10 + -14 - (-5 - -4 - 7)?
4
What is (-14 - -22) + 6 + -21?
-7
Evaluate 11 + 7 + -11 + -3.
4
What is the value of (0 - 3 - 0 - 4) + 4?
-3
Calculate (-6 - (-1 + -2)) + (-6 - -4).
-5
Evaluate -2 - -7 - (11 + -4 - 5).
3
What is the value of 2 - (1 - (0 - 2))?
-1
(1 - (-2 - -1)) + (16 - 18)
0
What is -2 - (4 - 2) - -4?
0
What is 2 + -3 - (-3 - -2)?
0
What is 6 - 9 - (-2 - -1) - 2?
-4
9 - (-1 - -2) - 4
4
-4 - ((0 - 1) + -3 + 1)
-1
Evaluate 6 + (3 + 1 - 5) + -5.
0
What is (0 - -3) + -1 + -6 + 3?
-1
What is the value of -3 + (5 - (3 + 0)) + 1?
0
Evaluate 5 + 0 + -4 + 0 + 2.
3
What is the value of -4 + 12 + -2 + -5?
1
Evaluate 3 - (3 + 1 + -6).
5
3 - (-5 + 12 + -7)
3
What is the value of 0 + 3 - 8 - (-2 + 2)?
-5
What is the value of -5 + (-2 - (4 - 18)) + -4?
3
What is 10 + -5 - ((2 - -2) + 0)?
1
Evaluate 6 + -1 + 5 + 11 + -21.
0
(-1 + 1 - (4 - 4)) + 5
5
What is the value of -4 + (10 - (0 + 0 + 1))?
5
Calculate -14 - (-59 - -60 - (8 + 0)).
-7
-16 + 12 + (6 - 9)
-7
Evaluate 3 + (-1 - (-5 + 9) - 0).
-2
Calculate (0 - -5 - 7) + -3.
-5
Evaluate (-1 - -5) + -14 + 8.
-2
What is 2 + (-6 - (3 - 8)) - -5?
6
What is the value of 0 + (2 - (6 - 1))?
-3
What is the value of 2 + 5 + (-2 - -5 - 7)?
3
What is the value of -1 - -2 - (3 + 7 + -6)?
-3
What is the value of 11 - 6 - (11 + -4)?
-2
Calculate -5 - -8 - 5 - (1 - 0).
-3
Evaluate -11 - -10 - (-3 - 0) - 5.
-3
Evaluate -9 + -2 + (7 - -2).
-2
Evaluate 2 + -10 + 0 + (4 - 0).
-4
3 + 2 + (-4 - 0)
1
Calculate 4 + (-5 - -2) + (1 - 1).
1
Evaluate 1 + -1 - (0 - 0 - -5).
-5
What is the value of 10 - 0 - 15 - (0 + 1)?
-6
Evaluate 2 + (-10 - -8) + 5.
5
Evaluate (-7 - (-21 + 10)) + -9 + 0.
-5
What is the value of 2 + 3 + -3 + 0?
2
What is 2 + (-5 + 1 - (-20 - -22))?
-4
Calculate 0 + 2 + (2 + 0 - 3).
1
What is (-1 - (-6 + 2)) + -1 - -2?
4
0 - 4 - (48 + -59)
7
Evaluate 1 - (-8 + 4) - (6 + -2).
1
What is the value of 3 - (0 + (5 - 9))?
7
What is the value of 1 - (-8 + 5) - 9?
-5
-2 + 0 - -3 - (-11 - -14)
-2
What is 0 - (0 - (-3 - -7))?
4
Calculate -5 + 5 - (1 + -2 - -4).
-3
-16 + 14 + (-5 - -1)
-6
Evaluate 1 + 0 + (-1 - 3).
-3
Calculate (-14 - (2 + -9) - -8) + -8.
-7
Calculate 38 + -39 + 1 + 1.
1
(-9 - (11 - 6)) + 17
3
What is the value of -28 + 19 - (-4 - -1)?
-6
Calculate -50 + 53 + -10 + 1.
-6
Evaluate (3 - (5 - (-6 - -9))) + 6.
7
Evaluate (7 - (15 + -10)) + -1.
1
Calculate -1 - (5 - (6 + -12 + 9)).
-3
What is -1 + 3 - 8 - -2?
-4
4 + -1 + 1 + 0
4
Evaluate -3 + (3 - 1) + 95 + -86.
8
14 + -7 + -8 + 0
-1
What is 5 - ((-10 - -8) + 0 + 12)?
-5
What is (6 + -3 - (1 + 2)) + 3?
3
1 + 0 - 2 - (7 + -4)
-4
What is the value of -2 + (-12 - -13) - -9?
8
-6 + -2 + 1 - (12 + -16)
-3
What is the value of -6 + 4 + 1 - 0?
-1
Evaluate 9 + -7 + 2 + -9 + 5.
0
Evaluate 21 + -19 - (-3 - -2 - -4).
-1
-4 + -8 + 2 - (5 - 12)
-3
Calculate -2 - -7 - (5 - (2 - 4)).
-2
What is the value of -2 - -1 - (6 + -5 + 2)?
-4
-2 + (-4 - (3 + -8 + 1))
-2
What is (-2 - 0) + (10 - 5 - 6)?
-3
What is 0 - (7 - (4 - 2))?
-5
Calculate 6 + -5 + 6 + -11.
-4
Calculate -3 + (-5 - 3 - (-1 - 4)).
-6
What is -17 + (6 - -4) - -1?
-6
(3 - (-2 + 1) - 3) + 5
6
What is (5 - 4) + (7 + -15 - -7)?
0
Evaluate -1 + -2 + (-1 - 1).
-5
(1 + -5 - -2) + 4
2
4 + -10 + 4 + 2 + -3
-3
Evaluate 0 + (-2 - 2 - (5 - 7)).
-2
-10 - (-16 - (2 - 15))
-7
What is 26 - 34 - (-17 + -2 + 1)?
10
What is the value of 6 + 3 + -6 - (-1 - -2)?
2
Calculate (3 - -1) + -4 + -5.
-5
What is the value of -8 + 0 - (-20 - (7 - 18))?
1
Evaluate 18 - 29 - (-1 + -9).
-1
What is -2 - 1 - (-9 + 2 + 5)?
-1
Calculate -4 - (5 - (-4 + 8)).
-5
What is the value of 12 + -8 + 7 + -9?
2
Evaluate -4 + 6 - (1 + -3 + 1).
3
2 + 3 + (-13 - -3) + 3
-2
What is the value of -5 - ((1 - -1) + -8 + 6)?
-5
Evaluate -18 + 29 + -14 + 4.
1
Evaluate -6 + 7 + -3 + -8.
-10
What is (-3 - (-5 + 9)) + 2?
-5
(3 - -2) + -3 + (2 - 4)
0
What is the value of 13 + -10 + (-1 - -1)?
3
What is 12 + -5 + -14 + 9?
2
(55 - 56) + (-1 - 0 - 2)
-4
Calculate (3 + -3 - 1) + 0 + 0.
-1
Calculate -3 + 6 - (22 + -18).
-1
Evaluate 1 + 3 - (4 + -8 - -12).
-4
What is the value of (-4 - (-12 + 11)) + (-1 - -1)?
-3
What is -1 + (1 - -2) + 2?
4
Calculate -8 + 2 + (24 - 23).
-5
Evaluate -3 - (0 + 7 + -9).
-1
Calculate 5 + ((-6 - -5) + -8 - -5).
1
-9 + (3 - -2) + 7
3
-6 - (-6 + -4 + 9 - 2)
-3
What is 2 - 0 - (20 - 16)?
-2
What is -8 - (3 - 6) - -2?
-3
What is 3 + 1 + (7 - (7 - -9))?
-5
Evaluate -20 + 25 - (-3 - (-1 - 16)).
-9
What is the value of -7 + (12 - 1 - (-63 + 63))?
4
Calculate 4 - 2 - (1 + -4 + 7).
-2
Evaluate -3 - (0 + -1 + -2 - 0).
0
Calculate (-5 - (-6 - 1)) + -1 + 4.
5
Evaluate -6 - (-3 - (3 - 3)).
-3
Calculate 1 - 4 - -13 - 6.
4
What is (13 - (2 - -17)) + 1 + 1?
-4
What is -30 - -32 - (-1 + -1)?
4
4 + 1 + 0 + 0
5
What is the value of -8 - (-9 - (5 + -9))?
-3
Calculate -2 + -3 + 7 + 0.
2
What is -2 + 0 + -5 + 1 + 9?
3
Calculate (-3 - -8) + -6 - (1 + -9).
7
What is the value of 2 + -1 + (-8 - (-17 - -4))?
6
1 - -2 - (9 - (4 - 1))
-3
What is the value of 1 + 5 + -1 + (3 - 10)?
-2
-3 - (-10 - 3 - -7)
3
What is the value of 6 - ((-19 - -11) + 10)?
4
Calculate -8 + -8 + 3 + 5 - -2.
-6
Calculate (-2 - (1 - -2)) + (-1 - -3).
-3
Evaluate 1 + 2 - (4 + (-4 - 0)).
3
What is the value of 0 - (-2 - -1) - (-5 + 1)?
5
Evaluate -2 + (4 - (2 - -1)).
-1
What is (124 - 140) + (9 - -1)?
-6
-12 + 9 + (2 + -2 - -1)
-2
What is -5 - (1 + -1 + 5) - -8?
-2
(-18 - -20) + (4 - -1 - 2)
5
What is the value of 10 - ((-3 - -10) + -2 - 0)?
5
-4 + 2 + (-2 - (4 - 7))
-1
Evaluate -10 + 1 + (24 + -14 - 5).
-4
What is the value of 26 + (-9 - 2) + -14?
1
What is the value of 12 - (3 - (-8 + 7 + -1))?
7
Evaluate 1 + -1 + 12 + 72 + -74.
10
Calculate 4 + -3 + -1 + 4 + -5.
-1
7 + 3 + (-9 - -2)
3
Evaluate 6 - (1 - -4 - 4).
5
Evaluate -4 + 7 - -3 - (10 + -7).
3
What is the value of (68 - 71) + 0 + 9?
6
Calculate -3 - -11 - (-3 + 6).
5
Evaluate -5 - (-5 + -1 - 2).
3
What is -4 + (-5 - -1) + -1 + 1?
-8
What is the value of 0 - -6 - (35 + -25)?
-4
Evaluate 6 + (0 - 0 - (1 + 0)).
5
What is -5 - (-1 + (-3 - 9))?
8
17 + 1 + -1 + -10
7
What is 13 + (-20 - -12) + -9?
-4
What is the value of -7 + 1 - (18 + -29)?
5
Calculate -8 + 3 + 1 + -4.
-8
What is 5 + 25 + -10 + -24?
-4
Calculate 2 + (-5 - (1 + -5)).
1
What is the value of 7 - ((12 - 4) + -3 + 3)?
-1
What is 4 + -2 - -3 - (-9 - -13)?
1
Evaluate -1 + 6 - (-5 - -7) - 4.
-1
What is the value of 0 + (-1 + 1 - (9 + -11))?
2
What is (0 - -9) + -7 + (-4 - 1)?
-3
(20 - 9) + -11 - -2
2
What is 1 + 2 - (7 - 0)?
-4
Evaluate -3 - (-6 - (-7 - -4)).
0
What is the value of -1 + 5 - (20 + -9 + -1)?
-6
Calculate (-3 - -1 - -1) + 6.
5
Evaluate 1 + -5 - (3 - (2 + 0)).
-5
What is 0 - (5 - 5) - (1 - 1)?
0
What is 2 + 0 + 1 + 2 + -6?
-1
Calculate (-2 - 0) + -13 + 9.
-6
-5 - (-3 - 0 - (0 + 0))
-2
What is the value of (-2 - -9) + (-1 + 4 - 5)?
5
What is the value of 2 + 6 + (-3 - 1)?
4
Calculate 0 + 2 - (-3 + 3).
2
What is the value of -6 - -2 - ((2 - 5) + 3)?
-4
Calculate (-4 - -1) + (-2 - (-3 + -2)).
0
What is the value of -7 - (-8 - 2) - -3?
6
1 - (3 + 1 + -10 - -1)
6
What is the value of (-22 - -18) + 0 + (0 - 0)?
-4
Calculate (-2 - -3 - (14 + -10)) + 2.
-1
Calculate 5 + 2 + -2 + -4 + 4.
5
Evaluate (-1 - (7 + -8)) + 0.
0
What is -20 - (-9 + 9 + -11)?
-9
What is the value of 3 + -10 + 3 + 9?
5
What is the value of (-29 + 22 - (-2 - 2)) + -6?
-9
7 - (1 + 4 + -2)
4
Evaluate -11